y 18.
14
Let d = -242 - -273. Suppose 3*o + 15 - 381 = 0. What is the remainder when o is divided by d?
29
Let s be (3 + 21/2)*2. Let z = -24 + s. Calculate the remainder when (z - -1)/8*62 is divided by 17.
14
Let k(g) = 15*g + 7. What is the remainder when k(5) is divided by -2*((-602)/(-42))/(2/(-3))?
39
Let t = -382 - -395. What is the remainder when 220 is divided by t?
12
Let n = 5338 + -5325. Let a(p) = p**2 - p + 1. Calculate the remainder when n is divided by a(3).
6
What is the remainder when (12/(-16)*4 + 376)*1 is divided by 25?
23
Calculate the remainder when 293 is divided by 428/36 - 28/(-252).
5
Suppose -2*b - b + 9 = 0, 0 = -3*m - 5*b + 162. Let z = -374 + 618. What is the remainder when z is divided by m?
48
Suppose 730 - 905 = -7*n. Calculate the remainder when 796 is divided by n.
21
Suppose -4*q - 63 = -t - 9*q, 3*q - 9 = 0. What is the remainder when t is divided by 22?
4
Suppose 0 = -n + 109 - 10. Suppose 0 = -5*c + c + 12. Suppose -32 = -c*z + z + 4*b, 4*b = 4*z - 72. Calculate the remainder when n is divided by z.
19
Suppose -5*x - 7*x + 336 = 0. What is the remainder when 61 is divided by x?
5
Let h(q) = 4*q + 4. Calculate the remainder when -22 + (-15 - -40) + ((-54)/(-2) - 0) is divided by h(3).
14
Suppose -9*d = -2*d - 189. Calculate the remainder when (-21)/27 + 1 - (-1857)/d is divided by 6.
3
Suppose 9*s - 339 + 267 = 0. Let t = -9 + 36. What is the remainder when t is divided by s?
3
Let j(t) = -t**3 + 9*t**2 + t - 1. Suppose -y - 17 = -3*q + 2, 4*q + 5*y = 38. Calculate the remainder when j(q) is divided by (-627)/(-18) - (-2)/12.
34
Let b = 3 + 22. Let o(k) = 3*k**3 - 8*k**2 + 4. Let r be o(4). Suppose r = 2*x + 42. What is the remainder when b is divided by x?
12
What is the remainder when 250 is divided by (17 - (17 + -8))*8?
58
Suppose 5*s = 2*m - 66, -4*s - 4 - 4 = 0. What is the remainder when ((-495)/(-6))/(-6 + 65/10) is divided by m?
25
Let l be (-7)/(-2) + (28/(-8))/7. Suppose l*s - 18 = 3. Calculate the remainder when 24 is divided by s.
3
What is the remainder when (-2)/(-8)*1 - (-978)/24 is divided by 4?
1
Suppose 6*x + 20 = 8*x. Suppose 2*t + x = -3*z + 30, 28 = 2*t + 5*z. Let j = 52 - 37. What is the remainder when j is divided by t?
3
Let j be 52/8 - (-3)/(-2). Suppose 2*c = j*x - 0 + 1, -x + 4*c = 11. Suppose a - x = 2. Calculate the remainder when 3 is divided by a.
0
Calculate the remainder when (-896)/(-70)*(1 - -4) is divided by 33.
31
What is the remainder when (-1)/1*(-2 - 65) is divided by ((-4)/10)/((-288)/(-300) - 1)?
7
Calculate the remainder when (-95)/38*(-1818)/15 is divided by 76.
75
Let z(j) = 5*j - 15. Let q be z(6). Suppose 0 = 2*b - 9 - q. Calculate the remainder when 33 is divided by b.
9
Let d = -51 + 54. Suppose -10 - 56 = -d*q. Calculate the remainder when 108 is divided by q.
20
Let k = 25 + -11. Suppose 2*l = 4*y + 94, -21*l + y = -23*l + 109. Calculate the remainder when l is divided by k.
11
Suppose 61*z - 49*z - 852 = 0. Calculate the remainder when 210 is divided by z.
68
Suppose 0 = 2*b - 7*b + 5*x + 55, 3*x - 42 = -2*b. Suppose d - 2 = b. What is the remainder when 32 is divided by d?
15
Suppose 0 = -2213*h + 2215*h - 1798. What is the remainder when h is divided by 25?
24
Let u(b) = 2*b**2 - 49*b + 354. What is the remainder when 190 is divided by u(10)?
62
Let i = -4 - -6. Suppose i*y = -v + 34, -y + 28 = y + 4*v. Let k = -26 + 31. Calculate the remainder when y is divided by k.
3
Let k(m) = 3*m**2 + 3*m + 3. Let u = 13 + -22. Let r = -11 - u. Calculate the remainder when 26 is divided by k(r).
8
Let w = 55 - 54. Calculate the remainder when 18 is divided by ((-7)/14)/(w/(-14)).
4
Suppose -42*z = -30*z - 600. Suppose 0 = 3*a - 0*a - 39. What is the remainder when z is divided by a?
11
Let u(b) = -3*b - 48. Let j be u(-17). Suppose -2*a = 5*v - 51, a - j*v + 6*v = 28. Calculate the remainder when a is divided by 4.
1
Suppose 1 = -3*h + 7. Suppose 4 = h*f, 5*m - 3*f + 0*f = 19. Suppose -m*o = 5*w - 30, w + 48 = 5*o - 3*w. What is the remainder when 15 is divided by o?
7
Suppose 6*k + 23 - 53 = 0. Calculate the remainder when 64 is divided by k.
4
Let g = 1276 + -1255. Calculate the remainder when 225 is divided by g.
15
Let h = 5 + 11. Let r(p) = -6*p - 3. Let z(l) = -l**2 + 2. Let d be z(2). Calculate the remainder when h is divided by r(d).
7
Suppose -7 = -3*n - 1. Suppose 0*i - i + 3*l + 41 = 0, -n*i - 3*l = -82. Let w(k) = k**3 - k**2 - k + 14. What is the remainder when i is divided by w(0)?
13
Let f(p) = p**2 - 2*p - 2. Let l be f(4). Suppose 2*r = 5*r - 30. Calculate the remainder when 4/l - (-104)/6 is divided by r.
8
Suppose 0 = 2*l - 4, -3*l = j - 7*l + 10. What is the remainder when 92 is divided by (-4)/j - 88/(-4)?
20
Suppose 259 + 349 = 4*q. Suppose m - 9*m + q = 0. Calculate the remainder when m is divided by (0 - 22/(-4))*2.
8
Let t(n) = n + 40. What is the remainder when 143 is divided by t(5)?
8
Suppose 0 = -o + 2*j + 2*j + 15, -o - 2*j = -3. Let k be (-72)/(-42)*o/1. What is the remainder when (-426)/(-8) + (-3)/k is divided by 14?
11
Let n be (-1)/((-3 + 2)*1). Let l be (n + 2/6)*9. Suppose s = -3*p - l, s + s - 3*p - 21 = 0. Calculate the remainder when s is divided by 3.
0
Let z be (-4 - -2 - -1)*-5. Let v(t) = 6*t - 10. What is the remainder when 79 is divided by v(z)?
19
Suppose 2*f = -2*u + 44, 0*u - 4*u + 79 = f. Suppose 18*y - 19*y = -u. What is the remainder when 35 is divided by y?
16
Suppose 5*p - 50 = -2*v, 2*v + 6*p - 58 = 5*p. What is the remainder when 62 is divided by v?
2
Let b be (4/6)/(2/444). Let c = b - 70. Calculate the remainder when c is divided by 16.
14
Let a(o) = 45*o - 202. What is the remainder when a(9) is divided by 41?
39
Let r = -71 + -57. What is the remainder when 12/(-8)*r/6 is divided by 3*2 + 3/3?
4
Let z(v) = -v**3 + 6*v**2 - 5. Let x be z(6). Let w = x + 9. Suppose 0*s - s + 11 = 0. What is the remainder when s is divided by w?
3
Suppose -2*f + w + 403 = 0, 2*f - 9*w = -10*w + 397. Calculate the remainder when f is divided by 17.
13
Let n be (-3)/(6/(-4))*(-16 - -14). What is the remainder when 8 is divided by n*((-21)/(-4))/(-1 + -2)?
1
Let x(u) = 2*u**3 + 12*u**2 + u + 3. What is the remainder when 0 + 0 - (1 + -95) is divided by x(-5)?
46
Let z(p) = p**2 - 42*p + 440. Calculate the remainder when z(15) is divided by 22.
13
Let s(j) = 5*j - 17. Suppose 0 = 4*w - 0 + 16. Calculate the remainder when s(22) is divided by (w/3)/((-5)/90).
21
Let c = 126 + -110. What is the remainder when 48 is divided by c?
0
Let q(u) = -174*u + 55. Calculate the remainder when q(-2) is divided by 51.
46
Let n(h) = 2*h + 4. Let a be (-40)/(-12) - (-6)/9. Suppose 28 = 5*u + 2*r, -2*u + 34 = 3*u - a*r. Calculate the remainder when n(u) is divided by 9.
7
Let g(u) = u**2 + 5*u + 3*u - 3 + 2 + 3. Suppose 0 = 6*r - 9 + 3. Calculate the remainder when g(-8) is divided by r.
0
Let y be (-14 + 94)/(2/2). Suppose -p = p - y. Calculate the remainder when 78 is divided by p.
38
Suppose 3*l + 5*v = 107, -13*v = -2*l - 14*v + 69. Calculate the remainder when 178 is divided by l.
8
Suppose -3*s - 11 + 29 = 0. Suppose -h = 5*k + 16, -19 - 5 = -h + 3*k. What is the remainder when ((-2)/(-3))/(s/144) is divided by h?
7
Suppose 296*w - 3349 = 279*w. Calculate the remainder when w is divided by 20.
17
Suppose 3*a + 2*w = -3*w + 166, a - 56 = -w. Calculate the remainder when a is divided by 39.
18
Suppose 0 = -15*s + 14*s + 8. What is the remainder when 12 is divided by s?
4
Suppose -21*k = -203 - 7. Let t = 80 + -42. Calculate the remainder when t is divided by k.
8
Suppose -34*t + 165 = -30*t + a, -2*t + 95 = 3*a. What is the remainder when 250 is divided by t?
10
Let l = -35 + 52. Let t be (-2)/(-3)*(13 + -1). Suppose 4*a = t*a - 16. Calculate the remainder when l is divided by a.
1
Suppose 75 = -0*a + 3*a. Let i be a/(-3) - (-2)/(-3). Let d = i + 12. Calculate the remainder when 14 is divided by d.
2
Suppose 4*r - 3*y = 25, -2*r + 30 = 2*r - 2*y. What is the remainder when r is divided by (3 - 4)/(4/(-8)*1)?
0
Suppose -279*m + 283*m + 4*g - 52 = 0, -2*m + 2*g = -46. What is the remainder when m is divided by (-38)/(-8) + (-1)/(-4)?
3
Let g = 1008 - 914. What is the remainder when 468 is divided by g?
92
Let c = -3 - 4. Let g(p) be the 